{"id":335,"date":"2023-05-25T18:34:20","date_gmt":"2023-05-25T18:34:20","guid":{"rendered":"https:\/\/universitas.ucsp.edu.pe\/2023\/?post_type=event&#038;p=335"},"modified":"2023-06-06T22:01:16","modified_gmt":"2023-06-06T22:01:16","slug":"conversatorio-bajo-la-batalla-de-miraflores","status":"publish","type":"event","link":"https:\/\/universitas.ucsp.edu.pe\/2023\/event\/conversatorio-bajo-la-batalla-de-miraflores\/","title":{"rendered":"Conversatorio \u00abBajo la batalla de Miraflores\u00bb"},"content":{"rendered":"<div><img decoding=\"async\" src=\"https:\/\/universitas.ucsp.edu.pe\/2023\/wp-content\/uploads\/2023\/05\/61-conversatorio-bajo-la-batalla-de-miraflores.jpg\" \/><\/div>\n<div class=\"event-cont\">\n<div class=\"modo-a\">\n<h2>Conversatorio \u00abBajo la batalla de Miraflores\u00bb<\/h2>\n<p><a class=\"btn-eve none\" href=\"#\">Participar<\/a><\/p>\n<\/div>\n<div class=\"botonera\">\n<p>Escucha los episodios del radioteatro: <a class=\"btn-concu\" href=\"https:\/\/open.spotify.com\/episode\/3iflWuj8vQgWOlJRGedvdO?si=ff9065ee57d54eb0&amp;nd=1\">aqu\u00ed<\/a><\/p>\n<div><strong>Dirigido a: <\/strong>Estudiantes UCSP, Docentes, Administrativos<\/div>\n<\/div>\n<ul class=\"name\">\n<li>Direcci\u00f3n de Comunidad Universitaria<\/li>\n<li>Conversatorio<\/li>\n<\/ul>\n<ul class=\"date-data\">\n<li>\n<h4><img decoding=\"async\" src=\"https:\/\/universitas.ucsp.edu.pe\/2023\/wp-content\/uploads\/2023\/05\/dates.png\" \/>07 de junio<\/h4>\n<\/li>\n<li>\n<h4><img decoding=\"async\" src=\"https:\/\/universitas.ucsp.edu.pe\/2023\/wp-content\/uploads\/2023\/05\/263100.png\" \/><b>Formato: <\/b> Presencial<\/h4>\n<\/li>\n<li>\n<h4><img decoding=\"async\" src=\"https:\/\/universitas.ucsp.edu.pe\/2023\/wp-content\/uploads\/2023\/05\/reloj.png\" \/>10:00 a 11:00h<\/h4>\n<\/li>\n<li>\n<h4><img decoding=\"async\" src=\"https:\/\/universitas.ucsp.edu.pe\/2023\/wp-content\/uploads\/2023\/05\/site.png\" \/>San L\u00e1zaro &#8211; D06<\/h4>\n<\/li>\n<\/ul>\n<\/div>\n<hr \/>\n<h3>Ponentes<\/h3>\n<div class=\"biodata sf\">\n<div>\n<h4>Paola Vicente Chocano<\/h4>\n<p>Dramaturga de la obra. Directora de teatro.<\/p>\n<\/div>\n<\/div>\n<div class=\"biodata sf\">\n<div>\n<h4>Mario Rommel Arce Espinoza<\/h4>\n<p>Historiador. Profesor UCSP<\/p>\n<\/div>\n<\/div>\n<div class=\"biodata sf\">\n<div>\n<h4>Maximiliano Loria<\/h4>\n<p>Fil\u00f3sofo. Profesor UCSP<\/p>\n<\/div>\n<\/div>\n<div class=\"biodata sf\">\n<div>\n<h4>Arturo Salazar Monroy<\/h4>\n<p>Director de Teatro. Profesor UCSP<\/p>\n<\/div>\n<\/div>\n<hr \/>\n<div class=\"complement\">\n<p style=\"text-align: center;\">Juntos podemos<br \/>\n<b>construir un futuro m\u00e1s prometedor<\/b><br \/>\npara todos los peruanos.<\/p>\n<\/div>\n","protected":false},"excerpt":{"rendered":"<p>Conversatorio \u00abBajo la batalla de Miraflores\u00bb Participar Escucha los episodios del radioteatro: aqu\u00ed Dirigido a: Estudiantes UCSP, Docentes, Administrativos Direcci\u00f3n de Comunidad Universitaria Conversatorio 07 de junio Formato: Presencial 10:00 a 11:00h San L\u00e1zaro &#8211; D06 Ponentes Paola Vicente Chocano&#8230;<\/p>\n","protected":false},"author":3,"featured_media":574,"comment_status":"closed","ping_status":"closed","template":"","meta":{"footnotes":""},"eventcat":[24],"organizer":[82],"event_tags":[],"location":[50],"class_list":["post-335","event","type-event","status-publish","has-post-thumbnail","hentry","eventcat-07-junio","organizer-direccion-de-comunidad-universitaria","location-san-lazaro-d06"],"yoast_head":"<!-- This site is optimized with the Yoast SEO plugin v20.8 - https:\/\/yoast.com\/wordpress\/plugins\/seo\/ -->\n<title>Conversatorio &quot;Bajo la batalla de Miraflores&quot; - Universitas | Universidad Universidad Catolica San Pablo<\/title>\n<meta name=\"robots\" content=\"index, follow, max-snippet:-1, max-image-preview:large, max-video-preview:-1\" \/>\n<link rel=\"canonical\" href=\"https:\/\/universitas.ucsp.edu.pe\/2023\/event\/conversatorio-bajo-la-batalla-de-miraflores\/\" \/>\n<meta property=\"og:locale\" content=\"es_ES\" \/>\n<meta property=\"og:type\" content=\"article\" \/>\n<meta property=\"og:title\" content=\"Conversatorio &quot;Bajo la batalla de Miraflores&quot; - Universitas | Universidad Universidad Catolica San Pablo\" \/>\n<meta property=\"og:description\" content=\"Conversatorio \u00abBajo la batalla de Miraflores\u00bb Participar Escucha los episodios del radioteatro: aqu\u00ed Dirigido a: Estudiantes UCSP, Docentes, Administrativos Direcci\u00f3n de Comunidad Universitaria Conversatorio 07 de junio Formato: Presencial 10:00 a 11:00h San L\u00e1zaro &#8211; D06 Ponentes Paola Vicente Chocano...\" \/>\n<meta property=\"og:url\" content=\"https:\/\/universitas.ucsp.edu.pe\/2023\/event\/conversatorio-bajo-la-batalla-de-miraflores\/\" \/>\n<meta property=\"og:site_name\" content=\"Universitas | Universidad Universidad Catolica San Pablo\" \/>\n<meta property=\"article:modified_time\" content=\"2023-06-06T22:01:16+00:00\" \/>\n<meta property=\"og:image\" content=\"https:\/\/universitas.ucsp.edu.pe\/2023\/wp-content\/uploads\/2023\/05\/61-conversatorio-bajo-la-batalla-de-miraflores.jpg\" \/>\n\t<meta property=\"og:image:width\" content=\"1200\" \/>\n\t<meta property=\"og:image:height\" content=\"600\" \/>\n\t<meta property=\"og:image:type\" content=\"image\/jpeg\" \/>\n<meta name=\"twitter:card\" content=\"summary_large_image\" \/>\n<meta name=\"twitter:label1\" content=\"Est. reading time\" \/>\n\t<meta name=\"twitter:data1\" content=\"2 minutos\" \/>\n<script type=\"application\/ld+json\" class=\"yoast-schema-graph\">{\"@context\":\"https:\/\/schema.org\",\"@graph\":[{\"@type\":\"WebPage\",\"@id\":\"https:\/\/universitas.ucsp.edu.pe\/2023\/event\/conversatorio-bajo-la-batalla-de-miraflores\/\",\"url\":\"https:\/\/universitas.ucsp.edu.pe\/2023\/event\/conversatorio-bajo-la-batalla-de-miraflores\/\",\"name\":\"Conversatorio \\\"Bajo la batalla de Miraflores\\\" - Universitas | Universidad Universidad Catolica San Pablo\",\"isPartOf\":{\"@id\":\"https:\/\/universitas.ucsp.edu.pe\/2023\/#website\"},\"datePublished\":\"2023-05-25T18:34:20+00:00\",\"dateModified\":\"2023-06-06T22:01:16+00:00\",\"breadcrumb\":{\"@id\":\"https:\/\/universitas.ucsp.edu.pe\/2023\/event\/conversatorio-bajo-la-batalla-de-miraflores\/#breadcrumb\"},\"inLanguage\":\"es-PE\",\"potentialAction\":[{\"@type\":\"ReadAction\",\"target\":[\"https:\/\/universitas.ucsp.edu.pe\/2023\/event\/conversatorio-bajo-la-batalla-de-miraflores\/\"]}]},{\"@type\":\"BreadcrumbList\",\"@id\":\"https:\/\/universitas.ucsp.edu.pe\/2023\/event\/conversatorio-bajo-la-batalla-de-miraflores\/#breadcrumb\",\"itemListElement\":[{\"@type\":\"ListItem\",\"position\":1,\"name\":\"Portada\",\"item\":\"https:\/\/universitas.ucsp.edu.pe\/2023\/\"},{\"@type\":\"ListItem\",\"position\":2,\"name\":\"Events\",\"item\":\"https:\/\/universitas.ucsp.edu.pe\/2023\/event\/\"},{\"@type\":\"ListItem\",\"position\":3,\"name\":\"Conversatorio &#8220;Bajo la batalla de Miraflores&#8221;\"}]},{\"@type\":\"WebSite\",\"@id\":\"https:\/\/universitas.ucsp.edu.pe\/2023\/#website\",\"url\":\"https:\/\/universitas.ucsp.edu.pe\/2023\/\",\"name\":\"Universitas | Universidad Universidad Catolica San Pablo\",\"description\":\"Proximamente\",\"potentialAction\":[{\"@type\":\"SearchAction\",\"target\":{\"@type\":\"EntryPoint\",\"urlTemplate\":\"https:\/\/universitas.ucsp.edu.pe\/2023\/?s={search_term_string}\"},\"query-input\":\"required name=search_term_string\"}],\"inLanguage\":\"es-PE\"}]}<\/script>\n<!-- \/ Yoast SEO plugin. -->","yoast_head_json":{"title":"Conversatorio \"Bajo la batalla de Miraflores\" - Universitas | Universidad Universidad Catolica San Pablo","robots":{"index":"index","follow":"follow","max-snippet":"max-snippet:-1","max-image-preview":"max-image-preview:large","max-video-preview":"max-video-preview:-1"},"canonical":"https:\/\/universitas.ucsp.edu.pe\/2023\/event\/conversatorio-bajo-la-batalla-de-miraflores\/","og_locale":"es_ES","og_type":"article","og_title":"Conversatorio \"Bajo la batalla de Miraflores\" - Universitas | Universidad Universidad Catolica San Pablo","og_description":"Conversatorio \u00abBajo la batalla de Miraflores\u00bb Participar Escucha los episodios del radioteatro: aqu\u00ed Dirigido a: Estudiantes UCSP, Docentes, Administrativos Direcci\u00f3n de Comunidad Universitaria Conversatorio 07 de junio Formato: Presencial 10:00 a 11:00h San L\u00e1zaro &#8211; D06 Ponentes Paola Vicente Chocano...","og_url":"https:\/\/universitas.ucsp.edu.pe\/2023\/event\/conversatorio-bajo-la-batalla-de-miraflores\/","og_site_name":"Universitas | Universidad Universidad Catolica San Pablo","article_modified_time":"2023-06-06T22:01:16+00:00","og_image":[{"width":1200,"height":600,"url":"https:\/\/universitas.ucsp.edu.pe\/2023\/wp-content\/uploads\/2023\/05\/61-conversatorio-bajo-la-batalla-de-miraflores.jpg","type":"image\/jpeg"}],"twitter_card":"summary_large_image","twitter_misc":{"Est. reading time":"2 minutos"},"schema":{"@context":"https:\/\/schema.org","@graph":[{"@type":"WebPage","@id":"https:\/\/universitas.ucsp.edu.pe\/2023\/event\/conversatorio-bajo-la-batalla-de-miraflores\/","url":"https:\/\/universitas.ucsp.edu.pe\/2023\/event\/conversatorio-bajo-la-batalla-de-miraflores\/","name":"Conversatorio \"Bajo la batalla de Miraflores\" - Universitas | Universidad Universidad Catolica San Pablo","isPartOf":{"@id":"https:\/\/universitas.ucsp.edu.pe\/2023\/#website"},"datePublished":"2023-05-25T18:34:20+00:00","dateModified":"2023-06-06T22:01:16+00:00","breadcrumb":{"@id":"https:\/\/universitas.ucsp.edu.pe\/2023\/event\/conversatorio-bajo-la-batalla-de-miraflores\/#breadcrumb"},"inLanguage":"es-PE","potentialAction":[{"@type":"ReadAction","target":["https:\/\/universitas.ucsp.edu.pe\/2023\/event\/conversatorio-bajo-la-batalla-de-miraflores\/"]}]},{"@type":"BreadcrumbList","@id":"https:\/\/universitas.ucsp.edu.pe\/2023\/event\/conversatorio-bajo-la-batalla-de-miraflores\/#breadcrumb","itemListElement":[{"@type":"ListItem","position":1,"name":"Portada","item":"https:\/\/universitas.ucsp.edu.pe\/2023\/"},{"@type":"ListItem","position":2,"name":"Events","item":"https:\/\/universitas.ucsp.edu.pe\/2023\/event\/"},{"@type":"ListItem","position":3,"name":"Conversatorio &#8220;Bajo la batalla de Miraflores&#8221;"}]},{"@type":"WebSite","@id":"https:\/\/universitas.ucsp.edu.pe\/2023\/#website","url":"https:\/\/universitas.ucsp.edu.pe\/2023\/","name":"Universitas | Universidad Universidad Catolica San Pablo","description":"Proximamente","potentialAction":[{"@type":"SearchAction","target":{"@type":"EntryPoint","urlTemplate":"https:\/\/universitas.ucsp.edu.pe\/2023\/?s={search_term_string}"},"query-input":"required name=search_term_string"}],"inLanguage":"es-PE"}]}},"_links":{"self":[{"href":"https:\/\/universitas.ucsp.edu.pe\/2023\/wp-json\/wp\/v2\/event\/335","targetHints":{"allow":["GET"]}}],"collection":[{"href":"https:\/\/universitas.ucsp.edu.pe\/2023\/wp-json\/wp\/v2\/event"}],"about":[{"href":"https:\/\/universitas.ucsp.edu.pe\/2023\/wp-json\/wp\/v2\/types\/event"}],"author":[{"embeddable":true,"href":"https:\/\/universitas.ucsp.edu.pe\/2023\/wp-json\/wp\/v2\/users\/3"}],"replies":[{"embeddable":true,"href":"https:\/\/universitas.ucsp.edu.pe\/2023\/wp-json\/wp\/v2\/comments?post=335"}],"version-history":[{"count":11,"href":"https:\/\/universitas.ucsp.edu.pe\/2023\/wp-json\/wp\/v2\/event\/335\/revisions"}],"predecessor-version":[{"id":1289,"href":"https:\/\/universitas.ucsp.edu.pe\/2023\/wp-json\/wp\/v2\/event\/335\/revisions\/1289"}],"wp:featuredmedia":[{"embeddable":true,"href":"https:\/\/universitas.ucsp.edu.pe\/2023\/wp-json\/wp\/v2\/media\/574"}],"wp:attachment":[{"href":"https:\/\/universitas.ucsp.edu.pe\/2023\/wp-json\/wp\/v2\/media?parent=335"}],"wp:term":[{"taxonomy":"eventcat","embeddable":true,"href":"https:\/\/universitas.ucsp.edu.pe\/2023\/wp-json\/wp\/v2\/eventcat?post=335"},{"taxonomy":"organizer","embeddable":true,"href":"https:\/\/universitas.ucsp.edu.pe\/2023\/wp-json\/wp\/v2\/organizer?post=335"},{"taxonomy":"event_tags","embeddable":true,"href":"https:\/\/universitas.ucsp.edu.pe\/2023\/wp-json\/wp\/v2\/event_tags?post=335"},{"taxonomy":"location","embeddable":true,"href":"https:\/\/universitas.ucsp.edu.pe\/2023\/wp-json\/wp\/v2\/location?post=335"}],"curies":[{"name":"wp","href":"https:\/\/api.w.org\/{rel}","templated":true}]}}

<div><img decoding="async" src="https://universitas.ucsp.edu.pe/2023/wp-content/uploads/2023/05/61-conversatorio-bajo-la-batalla-de-miraflores.jpg" /></div>
<div class="event-cont">
<div class="modo-a">
<h2>Conversatorio «Bajo la batalla de Miraflores»</h2>
<p><a class="btn-eve none" href="#">Participar</a></p>
</div>
<div class="botonera">
<p>Escucha los episodios del radioteatro: <a class="btn-concu" href="https://open.spotify.com/episode/3iflWuj8vQgWOlJRGedvdO?si=ff9065ee57d54eb0&amp;nd=1">aquí</a></p>
<div><strong>Dirigido a: </strong>Estudiantes UCSP, Docentes, Administrativos</div>
</div>
<ul class="name">
<li>Dirección de Comunidad Universitaria</li>
<li>Conversatorio</li>
</ul>
<ul class="date-data">
<li>
<h4><img decoding="async" src="https://universitas.ucsp.edu.pe/2023/wp-content/uploads/2023/05/dates.png" />07 de junio</h4>
</li>
<li>
<h4><img decoding="async" src="https://universitas.ucsp.edu.pe/2023/wp-content/uploads/2023/05/263100.png" /><b>Formato: </b> Presencial</h4>
</li>
<li>
<h4><img decoding="async" src="https://universitas.ucsp.edu.pe/2023/wp-content/uploads/2023/05/reloj.png" />10:00 a 11:00h</h4>
</li>
<li>
<h4><img decoding="async" src="https://universitas.ucsp.edu.pe/2023/wp-content/uploads/2023/05/site.png" />San Lázaro &#8211; D06</h4>
</li>
</ul>
</div>
<hr />
<h3>Ponentes</h3>
<div class="biodata sf">
<div>
<h4>Paola Vicente Chocano</h4>
<p>Dramaturga de la obra. Directora de teatro.</p>
</div>
</div>
<div class="biodata sf">
<div>
<h4>Mario Rommel Arce Espinoza</h4>
<p>Historiador. Profesor UCSP</p>
</div>
</div>
<div class="biodata sf">
<div>
<h4>Maximiliano Loria</h4>
<p>Filósofo. Profesor UCSP</p>
</div>
</div>
<div class="biodata sf">
<div>
<h4>Arturo Salazar Monroy</h4>
<p>Director de Teatro. Profesor UCSP</p>
</div>
</div>
<hr />
<div class="complement">
<p style="text-align: center;">Juntos podemos<br />
<b>construir un futuro más prometedor</b><br />
para todos los peruanos.</p>
</div>

<p>Conversatorio «Bajo la batalla de Miraflores» Participar Escucha los episodios del radioteatro: aquí Dirigido a: Estudiantes UCSP, Docentes, Administrativos Dirección de Comunidad Universitaria Conversatorio 07 de junio Formato: Presencial 10:00 a 11:00h San Lázaro &#8211; D06 Ponentes Paola Vicente Chocano&#8230;</p>

<!-- This site is optimized with the Yoast SEO plugin v20.8 - https://yoast.com/wordpress/plugins/seo/ -->
<title>Conversatorio &quot;Bajo la batalla de Miraflores&quot; - Universitas | Universidad Universidad Catolica San Pablo</title>
<meta name="robots" content="index, follow, max-snippet:-1, max-image-preview:large, max-video-preview:-1" />
<link rel="canonical" href="https://universitas.ucsp.edu.pe/2023/event/conversatorio-bajo-la-batalla-de-miraflores/" />
<meta property="og:locale" content="es_ES" />
<meta property="og:type" content="article" />
<meta property="og:title" content="Conversatorio &quot;Bajo la batalla de Miraflores&quot; - Universitas | Universidad Universidad Catolica San Pablo" />
<meta property="og:description" content="Conversatorio «Bajo la batalla de Miraflores» Participar Escucha los episodios del radioteatro: aquí Dirigido a: Estudiantes UCSP, Docentes, Administrativos Dirección de Comunidad Universitaria Conversatorio 07 de junio Formato: Presencial 10:00 a 11:00h San Lázaro &#8211; D06 Ponentes Paola Vicente Chocano..." />
<meta property="og:url" content="https://universitas.ucsp.edu.pe/2023/event/conversatorio-bajo-la-batalla-de-miraflores/" />
<meta property="og:site_name" content="Universitas | Universidad Universidad Catolica San Pablo" />
<meta property="article:modified_time" content="2023-06-06T22:01:16+00:00" />
<meta property="og:image" content="https://universitas.ucsp.edu.pe/2023/wp-content/uploads/2023/05/61-conversatorio-bajo-la-batalla-de-miraflores.jpg" />
	<meta property="og:image:width" content="1200" />
	<meta property="og:image:height" content="600" />
	<meta property="og:image:type" content="image/jpeg" />
<meta name="twitter:card" content="summary_large_image" />
<meta name="twitter:label1" content="Est. reading time" />
	<meta name="twitter:data1" content="2 minutos" />
<script type="application/ld+json" class="yoast-schema-graph">{"@context":"https://schema.org","@graph":[{"@type":"WebPage","@id":"https://universitas.ucsp.edu.pe/2023/event/conversatorio-bajo-la-batalla-de-miraflores/","url":"https://universitas.ucsp.edu.pe/2023/event/conversatorio-bajo-la-batalla-de-miraflores/","name":"Conversatorio \"Bajo la batalla de Miraflores\" - Universitas | Universidad Universidad Catolica San Pablo","isPartOf":{"@id":"https://universitas.ucsp.edu.pe/2023/#website"},"datePublished":"2023-05-25T18:34:20+00:00","dateModified":"2023-06-06T22:01:16+00:00","breadcrumb":{"@id":"https://universitas.ucsp.edu.pe/2023/event/conversatorio-bajo-la-batalla-de-miraflores/#breadcrumb"},"inLanguage":"es-PE","potentialAction":[{"@type":"ReadAction","target":["https://universitas.ucsp.edu.pe/2023/event/conversatorio-bajo-la-batalla-de-miraflores/"]}]},{"@type":"BreadcrumbList","@id":"https://universitas.ucsp.edu.pe/2023/event/conversatorio-bajo-la-batalla-de-miraflores/#breadcrumb","itemListElement":[{"@type":"ListItem","position":1,"name":"Portada","item":"https://universitas.ucsp.edu.pe/2023/"},{"@type":"ListItem","position":2,"name":"Events","item":"https://universitas.ucsp.edu.pe/2023/event/"},{"@type":"ListItem","position":3,"name":"Conversatorio &#8220;Bajo la batalla de Miraflores&#8221;"}]},{"@type":"WebSite","@id":"https://universitas.ucsp.edu.pe/2023/#website","url":"https://universitas.ucsp.edu.pe/2023/","name":"Universitas | Universidad Universidad Catolica San Pablo","description":"Proximamente","potentialAction":[{"@type":"SearchAction","target":{"@type":"EntryPoint","urlTemplate":"https://universitas.ucsp.edu.pe/2023/?s={search_term_string}"},"query-input":"required name=search_term_string"}],"inLanguage":"es-PE"}]}</script>
<!-- / Yoast SEO plugin. -->

Conversatorio «Bajo la batalla de Miraflores» Participar Escucha los episodios del radioteatro: aquí Dirigido a: Estudiantes UCSP, Docentes, Administrativos Dirección de Comunidad Universitaria Conversatorio 07 de junio Formato: Presencial 10:00 a 11:00h San Lázaro &#8211; D06 Ponentes Paola Vicente Chocano...
